 (-758)/(-26) - (-2)/h is divided by 15.
14
Let j = 849 - 297. Suppose 5*w + j = 5*o + 4*w, -3*w = 6. Suppose 0 = -5*x - 20 + o. Calculate the remainder when 52 is divided by x.
16
Suppose 5863*o = 5870*o - 938. What is the remainder when o is divided by 78?
56
Let u = 26744 + -26604. What is the remainder when u is divided by 115?
25
Let s be 3*2/12*-50. Let j = 56 + s. Calculate the remainder when 183 is divided by j.
28
Suppose x + 3 = -5*h, 402 = -2*x + h + 462. Calculate the remainder when 828 is divided by x.
18
Let l(k) = k**3 + 10*k**2 + 7*k + 13. Let y = -188 - -179. Calculate the remainder when 176 is divided by l(y).
21
Let w(m) = 349*m - 869. What is the remainder when w(4) is divided by 190?
147
Calculate the remainder when 597 is divided by (-12215)/(-280) + -28 - 5/8.
12
Suppose -2*i = -0*i + 3*i - 40. Let b(s) = 4*s**2 + 3*s - 1. Let n be b(4). Let k = n - 39. Calculate the remainder when k is divided by i.
4
Let h(d) = -d**3 + 8*d**2 + 13*d - 12. Let s be h(8). Suppose -3994*k + s = -3992*k. Let w(t) = 12*t - 7. What is the remainder when w(8) is divided by k?
43
Let l(r) = -225*r - 1073. What is the remainder when l(-8) is divided by 234?
25
Suppose 4*p + 5*u - 138 = 0, 21*p - 4*u = 24*p - 104. Suppose 22*w - p*w = -70. What is the remainder when 68 is divided by w?
5
Let f be (62/5)/(2/60*6). Suppose q - 99 = m, f = q + 3*m - 21. Calculate the remainder when q is divided by 25.
20
Suppose -5*t + 9*t = 300. Suppose 2*z = 10*z - 320. Let j = -27 + z. What is the remainder when t is divided by j?
10
Suppose 2*v - 51*v = -28763. Let p = v - 573. Calculate the remainder when 137 is divided by p.
11
Suppose -6*p + 2*p + 295 = a, -5*p - 4*a + 377 = 0. Calculate the remainder when p is divided by (935/51)/(296/(-48) - -7).
7
Suppose -10*s + 5*s - 5950 = -40*s. What is the remainder when 11726 is divided by s?
166
Let i = 958 + -637. Calculate the remainder when i is divided by 4.
1
Let w = 3 - 1. Let a(o) = -148*o**3 - 2371*o**2 - 56*o - 75. What is the remainder when a(-16) is divided by w?
1
Let m = 247 - 73. Let h = -102 + m. Calculate the remainder when h is divided by 42.
30
Suppose 3*l - y - 100 = 0, -2*y = -4*l + 57 + 75. Calculate the remainder when 188 is divided by l.
18
Suppose 74 = -4*i + 2. Let d = i + 29. Calculate the remainder when 185 is divided by d.
9
Let u(m) = m**3 + 22*m**2 - 56*m + 49. Let a be u(-28). Calculate the remainder when -5 + a/(-45) + (-6)/10 is divided by 33.
30
Suppose -x + 2*c = 136, -2*x + 145 = -3*x - c. Let f = x + 308. Suppose -2329*t - 140 = -2334*t. What is the remainder when f is divided by t?
26
Let m = -32 - -76. Let u(t) = 68*t - 85. Let a be u(-3). Let z = a + 301. What is the remainder when m is divided by z?
8
Suppose -2*z + 7*z - 50 = 0. Let i be z/15*-3*1. Calculate the remainder when 66 is divided by (85/15 - i)*3.
20
Suppose 205*w - 790 = 207*w. Let p = w - -599. Calculate the remainder when p is divided by 31.
18
Suppose 0 = 3*f + 28*u - 23*u + 1295, 4*u = f + 426. Let g = 537 + f. What is the remainder when g is divided by 14?
9
Suppose -2*b - 13*b - 30 = 0. Suppose -4*m + h - 6*h = -39, 4*m - 18 = 2*h. What is the remainder when 14 is divided by m/(4 + b/1)?
2
Let m be 57848/(-119) + (-16)/(-136). Let f = m + 598. Calculate the remainder when f is divided by 63.
49
Suppose 0 = m - 25 + 20. Suppose 3*t - 63 = -0*t + 3*n, -100 = -m*t + 4*n. Suppose 6*q - 4*q = t. What is the remainder when q is divided by 2?
0
Let r(m) = -18*m + 25. Suppose -3*u = -7*u + 32. Calculate the remainder when r(-2) is divided by u.
5
Let w(s) = -46*s**2 + 644*s + 49. What is the remainder when 2103 is divided by w(14)?
45
Suppose 654 = -v + 2*q + 1909, -3*v + 3783 = -3*q. Calculate the remainder when v is divided by 31.
27
Suppose -64 + 168 = 2*g + 52. Suppose -5*a - 18 + 788 = 0. Calculate the remainder when a is divided by g.
24
Let z be (-66)/12 + 4 + (-186)/(-4). Let u = z - -72. Suppose 0 = -3*a + 4*h + h + 95, 0 = -4*h + 20. Calculate the remainder when u is divided by a.
37
Suppose 4*u - 65 = -5*r, -14*r + 12 = -11*r - 3*u. Suppose 2*y = -2*b - y + 54, 5*y = 10. Let a = 10 + b. Calculate the remainder when a is divided by r.
7
Let q be ((-562)/(-14) + 8)/(1/7). Let v = q - 317. What is the remainder when 33 is divided by v?
13
What is the remainder when 7798 is divided by (-9)/((-77)/132 - 2/12)?
10
Suppose 4*u = 3958 - 2238. What is the remainder when u is divided by 113?
91
Calculate the remainder when 2121*(49/30 + (-120)/400) is divided by 235.
8
Let j be (0 - -3)*(16/(-6))/(-4). Calculate the remainder when 111 is divided by (-1)/((-4)/j)*(-2090)/(-55).
16
Let k(y) = 6*y - 12. Let s be k(13). Let i = s + 17. Suppose -73 = -4*q - 0*q - 5*o, 2*o = 5*q - i. Calculate the remainder when q is divided by 9.
8
Calculate the remainder when 10850 is divided by (-7)/(-35)*((3336 - 0)/4 + 1).
162
Let h(g) = g**3 - 2*g**2 + 55*g - 53*g - 3*g**2 + 15. Calculate the remainder when h(5) is divided by 24.
1
Suppose 0 = -7*s + 2*s + 90. Let x = s + -14. Suppose x*q - 144 = -0*q. What is the remainder when q is divided by 19?
17
Calculate the remainder when 1150 is divided by ((-2988)/126 - -28)/(15/252).
70
Let r(k) = 14*k - 61. Let d(f) = -12*f + 61. Let c(y) = 5*d(y) + 4*r(y). What is the remainder when c(6) is divided by 10?
7
Suppose 0*o = -o + m + 625, -3 = -m. Suppose 44 = o*a - 624*a. What is the remainder when 42 is divided by a?
9
Suppose 104 = -582*l + 590*l. Suppose -16 = 2*m + 2. Calculate the remainder when l is divided by 42/m*(-6)/4.
6
Let c = 869 - 745. What is the remainder when 615 is divided by c?
119
Suppose 3*j - 5*c = -585, -j - c - 3 - 192 = 0. Let a = j + 274. Calculate the remainder when 166 is divided by a.
8
Let s be (-540)/(-54)*(-6)/10. What is the remainder when (-6)/(s/19)*(-4 + 11) is divided by 17?
14
Let u(n) = -4*n - 13. Let h = -644 + 639. Let k = -39 + 64. What is the remainder when k is divided by u(h)?
4
Suppose 350 = 12*j + 26. Suppose -588 + 399 = -3*i. What is the remainder when i is divided by j?
9
Suppose 2*f - 3 + 53 = 2*q, -5*q = 3*f - 101. Let n = 48 + -12. Calculate the remainder when n is divided by q.
14
Let c(j) = -22*j + 95. Let r(s) = 8*s - 104. Let i be r(13). What is the remainder when c(i) is divided by 53?
42
Let m = 11117 + -10913. Calculate the remainder when 466 is divided by m.
58
Let x = -4839 + 4879. Calculate the remainder when 110 is divided by x.
30
Suppose -3*c - i = -2*i - 1094, i - 1461 = -4*c. Suppose -3*r + c = 5*w - 298, -3*w = -3*r - 417. Calculate the remainder when w is divided by 17.
16
What is the remainder when 181 is divided by (1 - 142)/((4 + -4)/(-1) + -1)?
40
Suppose -1 = -s + 51. Let o = 74 - s. What is the remainder when (-150)/200*(-7052)/129 is divided by o?
19
Suppose 0 = 4*q - 4*y + 180, y + 0*y - 94 = 2*q. Let v = q + 82. Suppose 28 = v*b - 32*b. Calculate the remainder when 111 is divided by b.
27
Suppose 2*x + 2*g - 5*g + 142 = 0, -x - 5*g - 84 = 0. Let b = -117 + 205. Let j = b + x. Calculate the remainder when 63 is divided by j.
7
Let z = 4636 - 4544. What is the remainder when 219 is divided by z?
35
Suppose 3*c = -187*b + 186*b + 503, -b = -4*c - 454. Calculate the remainder when b is divided by 95.
7
Suppose 3*j = -5*v + 1579, 347 = j - 2*v - 161. What is the remainder when j is divided by 19?
5
Let h be -4 + -21 + (-1 + 0 - -5). What is the remainder when 158 is divided by h/((-24)/8) + 3?
8
Suppose 14*d = 51*d - 180 - 190. Calculate the remainder when 16 is divided by d.
6
Let z(p) = -7*p**2 + 6*p - 5. Let w be z(2). Let r = -5 - w. What is the remainder when 38 is divided by r?
6
What is the remainder when 18957 is divided by (-36 - -7 - -3 - -8)/((-9)/6)?
9
Let k be 70/40 + 6/(-8) - 535. Let l be -3*(-6)/45*(k + -1). Let i = -137 - l. What is the remainder when i is divided by 40?
37
Let k = -130 - -149. What is the remainder when k is divided by 4/6*132/8 + -4?
5
Let t(q) = -137*q + 13012. Suppose 0 = -4*s + 9 + 59. Calculate the remainder when t(94) is divided by s.
15
Suppose -5*y = -4*q + 15, -7*y + 5*y = 2*q - 12. What is the remainder when (-564)/(-5358) - (-1 + (-414)/38) is divided by y?
0
Let l(x) = 4*x**2 - 3*x + 3. Let d be l(1). Let k(y) = -y**2 + 13*y + 2. Calculate the remainder when (2 -